{"id":160,"date":"2023-06-12T23:59:28","date_gmt":"2023-06-12T23:59:28","guid":{"rendered":"https:\/\/gpsites.co\/trade\/?page_id=160"},"modified":"2024-04-12T14:36:05","modified_gmt":"2024-04-12T14:36:05","slug":"kontakt","status":"publish","type":"page","link":"https:\/\/zenipress.com\/trade\/kontakt\/","title":{"rendered":"Kontakt"},"content":{"rendered":"<div class=\"gb-container gb-container-a956db35\">\n<div class=\"gb-container gb-container-6f4bf71b\">\n\n<h2 class=\"gb-headline gb-headline-dedf8c2f gb-headline-text\">T\u011b\u0161\u00edme se na setk\u00e1n\u00ed s V\u00e1mi<\/h2>\n\n\n\n<p class=\"gb-headline gb-headline-aa77fd63 gb-headline-text\">Lorem ipsum dolor sit amet, consectetur adipiscing elit, sed do eiusmod tempor incididunt ut labore et dolore magna aliqua. Ut placerat orci nulla pellentesque dignissim enim sit amet venenatis. Felis eget velit sagittis id purus.<\/p>\n\n\n\n<p class=\"has-text-align-center\"><a href=\"https:\/\/gpsites.co\/trade\/services\/\"><\/a><\/p>\n\n<\/div>\n\n<div class=\"gb-container gb-container-4822e927\">\n<div class=\"gb-container gb-container-590fec63 shadow\">\n\n<h3 class=\"gb-headline gb-headline-8cb9e1db\"><span class=\"gb-icon\"><svg aria-hidden=\"true\" role=\"img\" height=\"1em\" width=\"1em\" viewBox=\"0 0 512 512\" xmlns=\"http:\/\/www.w3.org\/2000\/svg\"><path fill=\"currentColor\" d=\"M493.4 24.6l-104-24c-11.3-2.6-22.9 3.3-27.5 13.9l-48 112c-4.2 9.8-1.4 21.3 6.9 28l60.6 49.6c-36 76.7-98.9 140.5-177.2 177.2l-49.6-60.6c-6.8-8.3-18.2-11.1-28-6.9l-112 48C3.9 366.5-2 378.1.6 389.4l24 104C27.1 504.2 36.7 512 48 512c256.1 0 464-207.5 464-464 0-11.2-7.7-20.9-18.6-23.4z\"><\/path><\/svg><\/span><span class=\"gb-headline-text\">Zavolejte n\u00e1m<\/span><\/h3>\n\n\n\n<p class=\"gb-headline gb-headline-bbaaf997 gb-headline-text\">202.555.0110<\/p>\n\n<\/div>\n\n<div class=\"gb-container gb-container-695416f7 shadow\">\n\n<h3 class=\"gb-headline gb-headline-efab9421\"><span class=\"gb-icon\"><svg aria-hidden=\"true\" role=\"img\" height=\"1em\" width=\"1em\" viewBox=\"0 0 384 512\" xmlns=\"http:\/\/www.w3.org\/2000\/svg\"><path fill=\"currentColor\" d=\"M172.268 501.67C26.97 291.031 0 269.413 0 192 0 85.961 85.961 0 192 0s192 85.961 192 192c0 77.413-26.97 99.031-172.268 309.67-9.535 13.774-29.93 13.773-39.464 0zM192 272c44.183 0 80-35.817 80-80s-35.817-80-80-80-80 35.817-80 80 35.817 80 80 80z\"><\/path><\/svg><\/span><span class=\"gb-headline-text\">Nav\u0161tivte n\u00e1\u0161 showroom<\/span><\/h3>\n\n\n\n<div class=\"gb-headline gb-headline-95945275 gb-headline-text\">Trade Inc.<\/div>\n\n\n\n<div class=\"gb-headline gb-headline-ed8e7d8c gb-headline-text\">1 Trade Street<br>Orlando, FL 32830<\/div>\n\n<\/div>\n\n<div class=\"gb-container gb-container-a7e9428b shadow\">\n\n<h3 class=\"gb-headline gb-headline-2b6d33db\"><span class=\"gb-icon\"><svg aria-hidden=\"true\" role=\"img\" height=\"1em\" width=\"1em\" viewBox=\"0 0 512 512\" xmlns=\"http:\/\/www.w3.org\/2000\/svg\"><path fill=\"currentColor\" d=\"M464 64H48C21.49 64 0 85.49 0 112v288c0 26.51 21.49 48 48 48h416c26.51 0 48-21.49 48-48V112c0-26.51-21.49-48-48-48zm0 48v40.805c-22.422 18.259-58.168 46.651-134.587 106.49-16.841 13.247-50.201 45.072-73.413 44.701-23.208.375-56.579-31.459-73.413-44.701C106.18 199.465 70.425 171.067 48 152.805V112h416zM48 400V214.398c22.914 18.251 55.409 43.862 104.938 82.646 21.857 17.205 60.134 55.186 103.062 54.955 42.717.231 80.509-37.199 103.053-54.947 49.528-38.783 82.032-64.401 104.947-82.653V400H48z\"><\/path><\/svg><\/span><span class=\"gb-headline-text\">Po\u0161li n\u00e1m email<\/span><\/h3>\n\n\n\n<p class=\"gb-headline gb-headline-ecb83940 gb-headline-text\">email@email.com<\/p>\n\n<\/div>\n<\/div>\n\n<div class=\"gb-container gb-container-a438a65c\"><div class=\"gb-shapes\"><div class=\"gb-shape gb-shape-1\"><svg xmlns=\"http:\/\/www.w3.org\/2000\/svg\" viewBox=\"0 0 1200 360\" preserveAspectRatio=\"none\"><path d=\"M1200 360H0V0l1200 348z\"\/><\/svg><\/div><\/div><\/div>\n<\/div>\n\n<div class=\"gb-container gb-container-f8bf7960\">\n\n<h2 class=\"gb-headline gb-headline-fb33ece9 gb-headline-text\">\u0158ekn\u011bte n\u00e1m o sv\u00e9m projektu<\/h2>\n\n\n\n<div class=\"gb-headline gb-headline-7aff19c3 gb-headline-text\">[Sem vlo\u017ete sv\u016fj kr\u00e1tk\u00fd k\u00f3d nebo blok formul\u00e1\u0159e]<\/div>\n\n<\/div>\n\n<div class=\"gb-container gb-container-6a8e0169\">\n<div class=\"gb-container gb-container-d6a5f26b\">\n\n<h2 class=\"gb-headline gb-headline-93a4a99f gb-headline-text\">Nav\u0161tivte n\u00e1\u0161 showroom<\/h2>\n\n\n\n<p>[Vlo\u017ete k\u00f3d mapy pomoc\u00ed bloku HTML]<\/p>\n\n<\/div>\n<\/div>","protected":false},"excerpt":{"rendered":"<p>T\u011b\u0161\u00edme se na setk\u00e1n\u00ed s V\u00e1mi Lorem ipsum dolor sit amet, consectetur adipiscing elit, sed do eiusmod tempor incididunt ut labore et dolore magna aliqua. Ut placerat orci nulla pellentesque dignissim enim sit amet venenatis. Felis eget velit sagittis id purus. Zavolejte n\u00e1m 202.555.0110 Nav\u0161tivte n\u00e1\u0161 showroom Trade Inc. 1 Trade StreetOrlando, FL 32830 Po\u0161li &#8230; <a title=\"Kontakt\" class=\"read-more\" href=\"https:\/\/zenipress.com\/trade\/kontakt\/\" aria-label=\"Read more about Kontakt\">\u010c\u00edst d\u00e1l<\/a><\/p>\n","protected":false},"author":1,"featured_media":0,"parent":0,"menu_order":0,"comment_status":"closed","ping_status":"closed","template":"","meta":{"footnotes":""},"class_list":["post-160","page","type-page","status-publish"],"_links":{"self":[{"href":"https:\/\/zenipress.com\/trade\/wp-json\/wp\/v2\/pages\/160","targetHints":{"allow":["GET"]}}],"collection":[{"href":"https:\/\/zenipress.com\/trade\/wp-json\/wp\/v2\/pages"}],"about":[{"href":"https:\/\/zenipress.com\/trade\/wp-json\/wp\/v2\/types\/page"}],"author":[{"embeddable":true,"href":"https:\/\/zenipress.com\/trade\/wp-json\/wp\/v2\/users\/1"}],"replies":[{"embeddable":true,"href":"https:\/\/zenipress.com\/trade\/wp-json\/wp\/v2\/comments?post=160"}],"version-history":[{"count":2,"href":"https:\/\/zenipress.com\/trade\/wp-json\/wp\/v2\/pages\/160\/revisions"}],"predecessor-version":[{"id":254,"href":"https:\/\/zenipress.com\/trade\/wp-json\/wp\/v2\/pages\/160\/revisions\/254"}],"wp:attachment":[{"href":"https:\/\/zenipress.com\/trade\/wp-json\/wp\/v2\/media?parent=160"}],"curies":[{"name":"wp","href":"https:\/\/api.w.org\/{rel}","templated":true}]}}