{"id":17715,"date":"2020-02-04T16:57:18","date_gmt":"2020-02-04T21:57:18","guid":{"rendered":"https:\/\/gpsites.co\/agency\/?page_id=17715"},"modified":"2024-04-12T14:01:22","modified_gmt":"2024-04-12T14:01:22","slug":"kontakt","status":"publish","type":"page","link":"https:\/\/zenipress.com\/agency\/kontakt\/","title":{"rendered":"Kontakt"},"content":{"rendered":"<div class=\"gb-container gb-container-5c07c700\">\n<div class=\"gb-container gb-container-feff97f1\">\n<div class=\"gb-container gb-container-8b2f8f2d\"><div class=\"gb-inside-container\">\n\n<h1 class=\"gb-headline gb-headline-4daea0d8 gb-headline-text\">Pokra\u010dujte a <mark class=\"gb-highlight\">kontaktujte<\/mark> n\u00e1s.<\/h1>\n\n<\/div><\/div>\n\n<div class=\"gb-container gb-container-a58776f7\"><div class=\"gb-inside-container\">\n\n<figure class=\"wp-block-image size-large is-resized\"><img decoding=\"async\" src=\"https:\/\/zenipress.com\/app\/uploads\/sites\/8\/2020\/02\/contact.svg\" alt=\"\" class=\"wp-image-19069\" style=\"width:550px\"\/><\/figure>\n\n<\/div><\/div>\n<\/div>\n<\/div>\n\n<div class=\"gb-container gb-container-9c403cf5\">\n<div class=\"gb-container gb-container-e43f1c0a\">\n<div class=\"gb-container gb-container-52f50c59\">\n\n<h2 class=\"gb-headline gb-headline-c00a4681 gb-headline-text\">Jak v\u00e1m m\u016f\u017eeme pomoci?<\/h2>\n\n\n\n<p class=\"gb-headline gb-headline-9e196265 gb-headline-text\">Zavolejte n\u00e1m nebo napi\u0161te a my co nejd\u0159\u00edve odpov\u00edme.<\/p>\n\n\n\n<h4 class=\"gb-headline gb-headline-8c2e9a89 gb-headline-text\">TELEFON<\/h4>\n\n\n\n<p><a href=\"tel:10000000000\">+1 000 000 0000<\/a><\/p>\n\n\n\n<h4 class=\"gb-headline gb-headline-e47894c2 gb-headline-text\">E-MAIL<\/h4>\n\n\n\n<p><a href=\"mailto:email@email.com\">email@email.com<\/a><\/p>\n\n\n\n<a class=\"gb-button gb-button-13e7d56e\" href=\"#\"><span class=\"gb-icon\"><svg xmlns=\"http:\/\/www.w3.org\/2000\/svg\" viewBox=\"0 0 448 512\" width=\"1em\" height=\"1em\" aria-hidden=\"true\"><path d=\"M100.28 448H7.4V148.9h92.88zM53.79 108.1C24.09 108.1 0 83.5 0 53.8a53.79 53.79 0 01107.58 0c0 29.7-24.1 54.3-53.79 54.3zM447.9 448h-92.68V302.4c0-34.7-.7-79.2-48.29-79.2-48.29 0-55.69 37.7-55.69 76.7V448h-92.78V148.9h89.08v40.8h1.3c12.4-23.5 42.69-48.3 87.88-48.3 94 0 111.28 61.9 111.28 142.3V448z\" fill=\"currentColor\"><\/path><\/svg><\/span><\/a>\n\n\n\n<a class=\"gb-button gb-button-d2f161a8\" href=\"#\"><span class=\"gb-icon\"><svg xmlns=\"http:\/\/www.w3.org\/2000\/svg\" viewBox=\"0 0 512 512\" width=\"1em\" height=\"1em\" aria-hidden=\"true\"><path d=\"M459.37 151.716c.325 4.548.325 9.097.325 13.645 0 138.72-105.583 298.558-298.558 298.558-59.452 0-114.68-17.219-161.137-47.106 8.447.974 16.568 1.299 25.34 1.299 49.055 0 94.213-16.568 130.274-44.832-46.132-.975-84.792-31.188-98.112-72.772 6.498.974 12.995 1.624 19.818 1.624 9.421 0 18.843-1.3 27.614-3.573-48.081-9.747-84.143-51.98-84.143-102.985v-1.299c13.969 7.797 30.214 12.67 47.431 13.319-28.264-18.843-46.781-51.005-46.781-87.391 0-19.492 5.197-37.36 14.294-52.954 51.655 63.675 129.3 105.258 216.365 109.807-1.624-7.797-2.599-15.918-2.599-24.04 0-57.828 46.782-104.934 104.934-104.934 30.213 0 57.502 12.67 76.67 33.137 23.715-4.548 46.456-13.32 66.599-25.34-7.798 24.366-24.366 44.833-46.132 57.827 21.117-2.273 41.584-8.122 60.426-16.243-14.292 20.791-32.161 39.308-52.628 54.253z\" fill=\"currentColor\"><\/path><\/svg><\/span><\/a>\n\n\n\n<a class=\"gb-button gb-button-9fd5bdeb\" href=\"#\"><span class=\"gb-icon\"><svg xmlns=\"http:\/\/www.w3.org\/2000\/svg\" viewBox=\"0 0 320 512\" width=\"1em\" height=\"1em\" aria-hidden=\"true\"><path d=\"M279.14 288l14.22-92.66h-88.91v-60.13c0-25.35 12.42-50.06 52.24-50.06h40.42V6.26S260.43 0 225.36 0c-73.22 0-121.08 44.38-121.08 124.72v70.62H22.89V288h81.39v224h100.17V288z\" fill=\"currentColor\"><\/path><\/svg><\/span><\/a>\n\n<\/div>\n\n<div class=\"gb-container gb-container-89bdcf87\">\n\n<p class=\"gb-headline gb-headline-896bd7e8 gb-headline-text\">[<em>V\u00e1\u0161 obl\u00edben\u00fd kontaktn\u00ed formul\u00e1\u0159 zde<\/em>]<\/p>\n\n<\/div>\n<\/div>\n<\/div>","protected":false},"excerpt":{"rendered":"<p>Pokra\u010dujte a kontaktujte n\u00e1s. Jak v\u00e1m m\u016f\u017eeme pomoci? Zavolejte n\u00e1m nebo napi\u0161te a my co nejd\u0159\u00edve odpov\u00edme. TELEFON +1 000 000 0000 E-MAIL email@email.com [V\u00e1\u0161 obl\u00edben\u00fd kontaktn\u00ed formul\u00e1\u0159 zde]<\/p>\n","protected":false},"author":1,"featured_media":0,"parent":0,"menu_order":0,"comment_status":"closed","ping_status":"closed","template":"","meta":{"footnotes":""},"class_list":["post-17715","page","type-page","status-publish"],"_links":{"self":[{"href":"https:\/\/zenipress.com\/agency\/wp-json\/wp\/v2\/pages\/17715","targetHints":{"allow":["GET"]}}],"collection":[{"href":"https:\/\/zenipress.com\/agency\/wp-json\/wp\/v2\/pages"}],"about":[{"href":"https:\/\/zenipress.com\/agency\/wp-json\/wp\/v2\/types\/page"}],"author":[{"embeddable":true,"href":"https:\/\/zenipress.com\/agency\/wp-json\/wp\/v2\/users\/1"}],"replies":[{"embeddable":true,"href":"https:\/\/zenipress.com\/agency\/wp-json\/wp\/v2\/comments?post=17715"}],"version-history":[{"count":3,"href":"https:\/\/zenipress.com\/agency\/wp-json\/wp\/v2\/pages\/17715\/revisions"}],"predecessor-version":[{"id":19917,"href":"https:\/\/zenipress.com\/agency\/wp-json\/wp\/v2\/pages\/17715\/revisions\/19917"}],"wp:attachment":[{"href":"https:\/\/zenipress.com\/agency\/wp-json\/wp\/v2\/media?parent=17715"}],"curies":[{"name":"wp","href":"https:\/\/api.w.org\/{rel}","templated":true}]}}